{"id":549,"date":"2024-08-29T17:49:26","date_gmt":"2024-08-29T15:49:26","guid":{"rendered":"https:\/\/blaskapelle-doerrebach.de\/?page_id=549"},"modified":"2024-08-29T17:54:19","modified_gmt":"2024-08-29T15:54:19","slug":"mitgliedsantrag","status":"publish","type":"page","link":"https:\/\/blaskapelle-doerrebach.de\/index.php\/mitgliedsantrag\/","title":{"rendered":"Mitgliedsantrag"},"content":{"rendered":"\n<p>Beitrittserkl\u00e4rung<\/p>\n\n\n\n<p>Hiermit erkl\u00e4re ich meinen Beitritt zur Blaskapelle 1953 D\u00f6rrebach e.V.<br>Das Formular ist ohne Unterschrift g\u00fcltig, ebenso akzeptiere ich die Lastschriftvereinbarung.<\/p>\n\n\n<div class=\"frm_forms  with_frm_style frm_style_formidable-style\" id=\"frm_form_3_container\" data-token=\"7b87412fa262c342eaf8d5954adcb977\">\n<form enctype=\"multipart\/form-data\" method=\"post\" class=\"frm-show-form \" id=\"form_bkp-mitgliedsformular\" data-token=\"7b87412fa262c342eaf8d5954adcb977\">\n<div class=\"frm_form_fields \">\n<fieldset>\n<legend class=\"frm_screen_reader\">BKP Mitgliedsformular<\/legend>\r\n\r\n<div class=\"frm_fields_container\">\n<input type=\"hidden\" name=\"frm_action\" value=\"create\" \/>\n<input type=\"hidden\" name=\"form_id\" value=\"3\" \/>\n<input type=\"hidden\" name=\"frm_hide_fields_3\" id=\"frm_hide_fields_3\" value=\"\" \/>\n<input type=\"hidden\" name=\"form_key\" value=\"bkp-mitgliedsformular\" \/>\n<input type=\"hidden\" name=\"item_meta[0]\" value=\"\" \/>\n<input type=\"hidden\" id=\"frm_submit_entry_3\" name=\"frm_submit_entry_3\" value=\"ae95ec7393\" \/><input type=\"hidden\" name=\"_wp_http_referer\" value=\"\/index.php\/wp-json\/wp\/v2\/pages\/549\" \/><div id=\"frm_field_10_container\" class=\"frm_form_field form-field  frm_required_field frm_top_container\">\r\n\t<label for=\"field_hs3ac\" id=\"field_hs3ac_label\" class=\"frm_primary_label\">Name\r\n\t\t<span class=\"frm_required\" aria-hidden=\"true\">*<\/span>\r\n\t<\/label>\r\n\t<input type=\"text\" id=\"field_hs3ac\" name=\"item_meta[10]\" value=\"\"  data-reqmsg=\"Name darf nicht leer sein.\" aria-required=\"true\" data-invmsg=\"Name ist ung\u00fcltig\" aria-invalid=\"false\"  \/>\r\n\t\r\n\t\r\n<\/div>\n<div id=\"frm_field_11_container\" class=\"frm_form_field form-field  frm_required_field frm_top_container\">\r\n\t<label for=\"field_o0o92\" id=\"field_o0o92_label\" class=\"frm_primary_label\">Vorname\r\n\t\t<span class=\"frm_required\" aria-hidden=\"true\">*<\/span>\r\n\t<\/label>\r\n\t<input type=\"text\" id=\"field_o0o92\" name=\"item_meta[11]\" value=\"\"  data-reqmsg=\"Vorname darf nicht leer sein.\" aria-required=\"true\" data-invmsg=\"Vorname ist ung\u00fcltig\" aria-invalid=\"false\"  \/>\r\n\t\r\n\t\r\n<\/div>\n<div id=\"frm_field_12_container\" class=\"frm_form_field form-field  frm_required_field frm_top_container\">\r\n\t<label for=\"field_80qev\" id=\"field_80qev_label\" class=\"frm_primary_label\">Geburtsdatum\r\n\t\t<span class=\"frm_required\" aria-hidden=\"true\">*<\/span>\r\n\t<\/label>\r\n\t<input type=\"text\" id=\"field_80qev\" name=\"item_meta[12]\" value=\"\"  data-reqmsg=\"Geburtsdatum darf nicht leer sein.\" aria-required=\"true\" data-invmsg=\"Geburtsdatum ist ung\u00fcltig\" aria-invalid=\"false\"  \/>\r\n\t\r\n\t\r\n<\/div>\n<div id=\"frm_field_13_container\" class=\"frm_form_field form-field  frm_required_field frm_top_container\">\r\n\t<label for=\"field_oggt1\" id=\"field_oggt1_label\" class=\"frm_primary_label\">Geburtsort\r\n\t\t<span class=\"frm_required\" aria-hidden=\"true\">*<\/span>\r\n\t<\/label>\r\n\t<input type=\"text\" id=\"field_oggt1\" name=\"item_meta[13]\" value=\"\"  data-reqmsg=\"Geburtsort darf nicht leer sein.\" aria-required=\"true\" data-invmsg=\"Geburtsort ist ung\u00fcltig\" aria-invalid=\"false\"  \/>\r\n\t\r\n\t\r\n<\/div>\n<div id=\"frm_field_14_container\" class=\"frm_form_field form-field  frm_required_field frm_top_container\">\r\n\t<label for=\"field_4hmw0\" id=\"field_4hmw0_label\" class=\"frm_primary_label\">Wohnort\r\n\t\t<span class=\"frm_required\" aria-hidden=\"true\">*<\/span>\r\n\t<\/label>\r\n\t<input type=\"text\" id=\"field_4hmw0\" name=\"item_meta[14]\" value=\"\"  data-reqmsg=\"Wohnort darf nicht leer sein.\" aria-required=\"true\" data-invmsg=\"Wohnort ist ung\u00fcltig\" aria-invalid=\"false\"  \/>\r\n\t\r\n\t\r\n<\/div>\n<div id=\"frm_field_15_container\" class=\"frm_form_field form-field  frm_required_field frm_top_container\">\r\n\t<label for=\"field_wzjky\" id=\"field_wzjky_label\" class=\"frm_primary_label\">Stra\u00dfe\r\n\t\t<span class=\"frm_required\" aria-hidden=\"true\">*<\/span>\r\n\t<\/label>\r\n\t<input type=\"text\" id=\"field_wzjky\" name=\"item_meta[15]\" value=\"\"  data-reqmsg=\"Stra\u00dfe darf nicht leer sein.\" aria-required=\"true\" data-invmsg=\"Stra\u00dfe ist ung\u00fcltig\" aria-invalid=\"false\"  \/>\r\n\t\r\n\t\r\n<\/div>\n<div id=\"frm_field_24_container\" class=\"frm_form_field form-field  frm_required_field frm_top_container\">\r\n\t<label for=\"field_wigly\" id=\"field_wigly_label\" class=\"frm_primary_label\">Telefon\r\n\t\t<span class=\"frm_required\" aria-hidden=\"true\">*<\/span>\r\n\t<\/label>\r\n\t<input type=\"tel\" id=\"field_wigly\" name=\"item_meta[24]\" value=\"\"  data-reqmsg=\"Telefon darf nicht leer sein.\" aria-required=\"true\" data-invmsg=\"Telefon ist ung\u00fcltig\" aria-invalid=\"false\" pattern=\"((\\+\\d{1,3}(-|.| )?\\(?\\d\\)?(-| |.)?\\d{1,5})|(\\(?\\d{2,6}\\)?))(-|.| )?(\\d{3,4})(-|.| )?(\\d{4})(( x| ext)\\d{1,5}){0,1}$\"  \/>\r\n\t\r\n\t\r\n<\/div>\n<div id=\"frm_field_23_container\" class=\"frm_form_field form-field  frm_required_field frm_top_container\">\r\n\t<label for=\"field_gsuyb\" id=\"field_gsuyb_label\" class=\"frm_primary_label\">Mobiltelefon\r\n\t\t<span class=\"frm_required\" aria-hidden=\"true\">*<\/span>\r\n\t<\/label>\r\n\t<input type=\"tel\" id=\"field_gsuyb\" name=\"item_meta[23]\" value=\"\"  data-reqmsg=\"Mobiltelefon darf nicht leer sein.\" aria-required=\"true\" data-invmsg=\"Mobiltelefon ist ung\u00fcltig\" aria-invalid=\"false\" pattern=\"((\\+\\d{1,3}(-|.| )?\\(?\\d\\)?(-| |.)?\\d{1,5})|(\\(?\\d{2,6}\\)?))(-|.| )?(\\d{3,4})(-|.| )?(\\d{4})(( x| ext)\\d{1,5}){0,1}$\"  \/>\r\n\t\r\n\t\r\n<\/div>\n<div id=\"frm_field_21_container\" class=\"frm_form_field form-field  frm_required_field frm_top_container\">\r\n\t<label for=\"field_wz3py\" id=\"field_wz3py_label\" class=\"frm_primary_label\">E-Mail\r\n\t\t<span class=\"frm_required\" aria-hidden=\"true\">*<\/span>\r\n\t<\/label>\r\n\t<input type=\"email\" id=\"field_wz3py\" name=\"item_meta[21]\" value=\"\"  data-reqmsg=\"E-Mail darf nicht leer sein.\" aria-required=\"true\" data-invmsg=\"E-Mail ist ung\u00fcltig\" aria-invalid=\"false\"  \/>\r\n\t\r\n\t\r\n<\/div>\n<div id=\"frm_field_25_container\" class=\"frm_form_field form-field  frm_required_field frm_top_container vertical_radio\">\r\n\t<div  id=\"field_2fen9_label\" class=\"frm_primary_label\">Eintritt in die Blaskapelle 1953 D\u00f6rrebach e.V. als\r\n\t\t<span class=\"frm_required\" aria-hidden=\"true\">*<\/span>\r\n\t<\/div>\r\n\t<div class=\"frm_opt_container\" aria-labelledby=\"field_2fen9_label\" role=\"radiogroup\" aria-required=\"true\">\t\t<div class=\"frm_radio\" id=\"frm_radio_25-0\">\t\t\t<label  for=\"field_2fen9-0\">\n\t\t\t\t\t<input type=\"radio\" name=\"item_meta[25]\" id=\"field_2fen9-0\" value=\"aktives Mitglied\"\n\t\t data-reqmsg=\"Eintritt in die Blaskapelle 1953 D\u00f6rrebach e.V. als darf nicht leer sein.\" data-invmsg=\"Eintritt in die Blaskapelle 1953 D\u00f6rrebach e.V. als ist ung\u00fcltig\"   \/> aktives Mitglied<\/label><\/div>\n\t\t<div class=\"frm_radio\" id=\"frm_radio_25-1\">\t\t\t<label  for=\"field_2fen9-1\">\n\t\t\t\t\t<input type=\"radio\" name=\"item_meta[25]\" id=\"field_2fen9-1\" value=\"f\u00f6rderndes, passives Mitglied\"\n\t\t data-reqmsg=\"Eintritt in die Blaskapelle 1953 D\u00f6rrebach e.V. als darf nicht leer sein.\" data-invmsg=\"Eintritt in die Blaskapelle 1953 D\u00f6rrebach e.V. als ist ung\u00fcltig\"   \/> f\u00f6rderndes, passives Mitglied<\/label><\/div>\n<\/div>\r\n\t\r\n\t\r\n<\/div>\n<div id=\"frm_field_31_container\" class=\"frm_form_field form-field  frm_required_field frm_top_container\">\r\n\t<label for=\"field_gi60r\" id=\"field_gi60r_label\" class=\"frm_primary_label\">Eintritt ab (Datum)\r\n\t\t<span class=\"frm_required\" aria-hidden=\"true\">*<\/span>\r\n\t<\/label>\r\n\t<input type=\"text\" id=\"field_gi60r\" name=\"item_meta[31]\" value=\"\"  data-reqmsg=\"Eintritt ab (Datum) darf nicht leer sein.\" aria-required=\"true\" data-invmsg=\"Eintritt ab (Datum) ist ung\u00fcltig\" aria-invalid=\"false\"  \/>\r\n\t\r\n\t\r\n<\/div>\n<div id=\"frm_field_26_container\" class=\"frm_form_field form-field  frm_required_field frm_top_container\">\r\n\t<label for=\"field_zsir\" id=\"field_zsir_label\" class=\"frm_primary_label\">Der Mitgliedsbeitrag soll j\u00e4hrlich von meinem \/ unserem Konto eingezogen werden.\r\n\t\t<span class=\"frm_required\" aria-hidden=\"true\">*<\/span>\r\n\t<\/label>\r\n\t<input type=\"text\" id=\"field_zsir\" name=\"item_meta[26]\" value=\"IBAN\"  data-frmval=\"IBAN\" data-reqmsg=\"Der Mitgliedsbeitrag soll j\u00e4hrlich von meinem \/ unserem Konto eingezogen werden. darf nicht leer sein.\" aria-required=\"true\" data-invmsg=\"Der Mitgliedsbeitrag soll j\u00e4hrlich von meinem \/ unserem Konto eingezogen werden. ist ung\u00fcltig\" aria-invalid=\"false\"  \/>\r\n\t\r\n\t\r\n<\/div>\n<div id=\"frm_field_28_container\" class=\"frm_form_field form-field  frm_required_field frm_top_container\">\r\n\t<label for=\"field_c3ct2\" id=\"field_c3ct2_label\" class=\"frm_primary_label\">\r\n\t\t<span class=\"frm_required\" aria-hidden=\"true\">*<\/span>\r\n\t<\/label>\r\n\t<input type=\"text\" id=\"field_c3ct2\" name=\"item_meta[28]\" value=\"BIC\"  data-frmval=\"BIC\" data-reqmsg=\"Dieses Feld darf nicht leer sein.\" aria-required=\"true\" data-invmsg=\"Dieses Feld ist ung\u00fcltig\" aria-invalid=\"false\"  \/>\r\n\t\r\n\t\r\n<\/div>\n<div id=\"frm_field_27_container\" class=\"frm_form_field form-field  frm_required_field frm_top_container\">\r\n\t<label for=\"field_innv5\" id=\"field_innv5_label\" class=\"frm_primary_label\">\r\n\t\t<span class=\"frm_required\" aria-hidden=\"true\">*<\/span>\r\n\t<\/label>\r\n\t<input type=\"text\" id=\"field_innv5\" name=\"item_meta[27]\" value=\"Bank\"  data-frmval=\"Bank\" data-reqmsg=\"Dieses Feld darf nicht leer sein.\" aria-required=\"true\" data-invmsg=\"Dieses Feld ist ung\u00fcltig\" aria-invalid=\"false\"  \/>\r\n\t\r\n\t\r\n<\/div>\n<div id=\"frm_field_29_container\" class=\"frm_form_field form-field  frm_required_field frm_top_container vertical_radio\">\r\n\t<div  id=\"field_9zm86_label\" class=\"frm_primary_label\">Mit ist bewusst, dass diese Vereinbarung innerhalb von 14 Tagen widerrufen werden kann, ordentliche K\u00fcndigungen sind f\u00fcr das n\u00e4chste Kalenderjahr g\u00fcltig\r\n\t\t<span class=\"frm_required\" aria-hidden=\"true\">*<\/span>\r\n\t<\/div>\r\n\t<div class=\"frm_opt_container\" aria-labelledby=\"field_9zm86_label\" role=\"radiogroup\" aria-required=\"true\">\t\t<div class=\"frm_radio\" id=\"frm_radio_29-0\">\t\t\t<label  for=\"field_9zm86-0\">\n\t\t\t\t\t<input type=\"radio\" name=\"item_meta[29]\" id=\"field_9zm86-0\" value=\"ja, ich freue mich die Blaskapelle 1953 D\u00f6rrebach e.V. zu unterst\u00fctzen\"\n\t\t data-reqmsg=\"Mit ist bewusst, dass diese Vereinbarung innerhalb von 14 Tagen widerrufen werden kann, ordentliche K\u00fcndigungen sind f\u00fcr das n\u00e4chste Kalenderjahr g\u00fcltig darf nicht leer sein.\" data-invmsg=\"Mit ist bewusst, dass diese Vereinbarung innerhalb von 14 Tagen widerrufen werden kann, ordentliche K\u00fcndigungen sind f\u00fcr das n\u00e4chste Kalenderjahr g\u00fcltig ist ung\u00fcltig\"   \/> ja, ich freue mich die Blaskapelle 1953 D\u00f6rrebach e.V. zu unterst\u00fctzen<\/label><\/div>\n<\/div>\r\n\t\r\n\t\r\n<\/div>\n<div id=\"frm_field_30_container\" class=\"frm_form_field form-field  frm_top_container\">\r\n\t<label for=\"field_wpayf\" id=\"field_wpayf_label\" class=\"frm_primary_label\">Optionale Nachricht \/ Information\r\n\t\t<span class=\"frm_required\" aria-hidden=\"true\"><\/span>\r\n\t<\/label>\r\n\t<input type=\"text\" id=\"field_wpayf\" name=\"item_meta[30]\" value=\"\"  data-invmsg=\"Optionale Nachricht \/ Information ist ung\u00fcltig\" aria-invalid=\"false\"  \/>\r\n\t\r\n\t\r\n<\/div>\n<div id=\"frm_field_35_container\" class=\"frm_form_field form-field  frm_none_container\">\r\n\t<label for=\"g-recaptcha-response\" id=\"field_mz2rd_label\" class=\"frm_primary_label\">Captcha\r\n\t\t<span class=\"frm_required\" aria-hidden=\"true\"><\/span>\r\n\t<\/label>\r\n\t<div  id=\"field_mz2rd\" class=\"frm-g-recaptcha\" data-sitekey=\"6LcrxYIqAAAAAGTAJyIhnI5dxVDiys_cTjr87oec\" data-size=\"normal\" data-theme=\"light\"><\/div>\r\n\t\r\n\t\r\n<\/div>\n<div id=\"frm_field_8_container\" class=\"frm_form_field form-field \">\r\n\t<div class=\"frm_submit frm_flex\">\r\n<button class=\"frm_button_submit\" type=\"submit\"  >Senden<\/button>\r\n\r\n\r\n\r\n<\/div>\r\n<\/div>\n\t<input type=\"hidden\" name=\"item_key\" value=\"\" \/>\n\t\t\t<div id=\"frm_field_36_container\">\n\t\t\t<label for=\"field_uache\" >\n\t\t\t\tFalls Du menschlich bist, lasse dieses Feld leer.\t\t\t<\/label>\n\t\t\t<input  id=\"field_uache\" type=\"text\" class=\"frm_form_field form-field frm_verify\" name=\"item_meta[36]\" value=\"\"  \/>\n\t\t<\/div>\n\t\t<input name=\"frm_state\" type=\"hidden\" value=\"eV8szNWTj0XDhkugTLoOBCusLDwnp++lGCFmM\/RxZKc=\" \/><\/div>\n<\/fieldset>\n<\/div>\n\n<p style=\"display: none !important;\" class=\"akismet-fields-container\" data-prefix=\"ak_\"><label>&#916;<textarea name=\"ak_hp_textarea\" cols=\"45\" rows=\"8\" maxlength=\"100\"><\/textarea><\/label><input type=\"hidden\" id=\"ak_js_1\" name=\"ak_js\" value=\"135\"\/><script>document.getElementById( \"ak_js_1\" ).setAttribute( \"value\", ( new Date() ).getTime() );<\/script><\/p><\/form>\n<\/div>\n\n\n\n\n<p><br>Derzeit g\u00fcltige Jahresbeitr\u00e4ge der Blaskapelle 1953 D\u00f6rrebach e.V.:<br>Mitglieder bis 16 Jahre: 6 \u20ac<br>Mitglieder ab 17 Jahren: 18 \u20ac<br>F\u00fcr Mitglieder in der Ausbildung wird kein Jahresbeitrag erhoben.<\/p>\n","protected":false},"excerpt":{"rendered":"<p>Beitrittserkl\u00e4rung Hiermit erkl\u00e4re ich meinen Beitritt zur Blaskapelle 1953 D\u00f6rrebach e.V.Das Formular ist ohne Unterschrift g\u00fcltig, ebenso akzeptiere ich die Lastschriftvereinbarung. Derzeit g\u00fcltige Jahresbeitr\u00e4ge der Blaskapelle 1953 D\u00f6rrebach e.V.:Mitglieder bis 16 Jahre: 6 \u20acMitglieder ab 17 Jahren: 18 \u20acF\u00fcr Mitglieder in der Ausbildung wird kein Jahresbeitrag erhoben.<\/p>\n","protected":false},"author":2,"featured_media":0,"parent":0,"menu_order":0,"comment_status":"closed","ping_status":"closed","template":"","meta":{"site-sidebar-layout":"default","site-content-layout":"","ast-site-content-layout":"default","site-content-style":"default","site-sidebar-style":"default","ast-global-header-display":"","ast-banner-title-visibility":"","ast-main-header-display":"","ast-hfb-above-header-display":"","ast-hfb-below-header-display":"","ast-hfb-mobile-header-display":"","site-post-title":"","ast-breadcrumbs-content":"","ast-featured-img":"","footer-sml-layout":"","ast-disable-related-posts":"","theme-transparent-header-meta":"","adv-header-id-meta":"","stick-header-meta":"","header-above-stick-meta":"","header-main-stick-meta":"","header-below-stick-meta":"","astra-migrate-meta-layouts":"default","ast-page-background-enabled":"default","ast-page-background-meta":{"desktop":{"background-color":"var(--ast-global-color-4)","background-image":"","background-repeat":"repeat","background-position":"center center","background-size":"auto","background-attachment":"scroll","background-type":"","background-media":"","overlay-type":"","overlay-color":"","overlay-opacity":"","overlay-gradient":""},"tablet":{"background-color":"","background-image":"","background-repeat":"repeat","background-position":"center center","background-size":"auto","background-attachment":"scroll","background-type":"","background-media":"","overlay-type":"","overlay-color":"","overlay-opacity":"","overlay-gradient":""},"mobile":{"background-color":"","background-image":"","background-repeat":"repeat","background-position":"center center","background-size":"auto","background-attachment":"scroll","background-type":"","background-media":"","overlay-type":"","overlay-color":"","overlay-opacity":"","overlay-gradient":""}},"ast-content-background-meta":{"desktop":{"background-color":"var(--ast-global-color-5)","background-image":"","background-repeat":"repeat","background-position":"center center","background-size":"auto","background-attachment":"scroll","background-type":"","background-media":"","overlay-type":"","overlay-color":"","overlay-opacity":"","overlay-gradient":""},"tablet":{"background-color":"var(--ast-global-color-5)","background-image":"","background-repeat":"repeat","background-position":"center center","background-size":"auto","background-attachment":"scroll","background-type":"","background-media":"","overlay-type":"","overlay-color":"","overlay-opacity":"","overlay-gradient":""},"mobile":{"background-color":"var(--ast-global-color-5)","background-image":"","background-repeat":"repeat","background-position":"center center","background-size":"auto","background-attachment":"scroll","background-type":"","background-media":"","overlay-type":"","overlay-color":"","overlay-opacity":"","overlay-gradient":""}},"footnotes":""},"class_list":["post-549","page","type-page","status-publish","hentry"],"_links":{"self":[{"href":"https:\/\/blaskapelle-doerrebach.de\/index.php\/wp-json\/wp\/v2\/pages\/549","targetHints":{"allow":["GET"]}}],"collection":[{"href":"https:\/\/blaskapelle-doerrebach.de\/index.php\/wp-json\/wp\/v2\/pages"}],"about":[{"href":"https:\/\/blaskapelle-doerrebach.de\/index.php\/wp-json\/wp\/v2\/types\/page"}],"author":[{"embeddable":true,"href":"https:\/\/blaskapelle-doerrebach.de\/index.php\/wp-json\/wp\/v2\/users\/2"}],"replies":[{"embeddable":true,"href":"https:\/\/blaskapelle-doerrebach.de\/index.php\/wp-json\/wp\/v2\/comments?post=549"}],"version-history":[{"count":3,"href":"https:\/\/blaskapelle-doerrebach.de\/index.php\/wp-json\/wp\/v2\/pages\/549\/revisions"}],"predecessor-version":[{"id":553,"href":"https:\/\/blaskapelle-doerrebach.de\/index.php\/wp-json\/wp\/v2\/pages\/549\/revisions\/553"}],"wp:attachment":[{"href":"https:\/\/blaskapelle-doerrebach.de\/index.php\/wp-json\/wp\/v2\/media?parent=549"}],"curies":[{"name":"wp","href":"https:\/\/api.w.org\/{rel}","templated":true}]}}